. Give l(21).
4314
Let d(v) = -v**3 + 873*v**2 - 82623*v + 2289. Give d(765).
-6
Let l(m) = -9*m**2 - 1844*m + 9444. Calculate l(5).
-1
Let y(z) = -2*z**3 + 109*z**2 + 7925*z - 7586. Determine y(-42).
16
Let o(m) = m**3 - 60*m**2 - 2111*m - 1185. Calculate o(85).
5
Let z(f) = -602*f + 1155. Calculate z(-2).
2359
Let j(w) = 368*w + 11156. Calculate j(-30).
116
Let i(r) = -16999*r - 168994. Give i(-10).
996
Let w(i) = -2*i**3 - 21*i**2 + 231*i + 2438. Give w(-11).
18
Let x(k) = -6*k**2 - 368*k + 1905. Calculate x(-66).
57
Let d(y) = -13*y**2 - 236*y + 33. Determine d(-21).
-744
Let z(r) = -1005*r + 1197. Calculate z(-2).
3207
Let v(p) = -p**3 + 426*p**2 + 108*p - 46028. Calculate v(426).
-20
Let y(d) = -71249*d + 14107289. What is y(198)?
-13
Let o(a) = a**3 - 9*a**2 + 41*a - 621. Determine o(10).
-111
Let k(c) = 84*c**2 - 67*c - 333. Determine k(-4).
1279
Let m(w) = -141*w + 12720. Determine m(90).
30
Let i(c) = -13*c**2 + 527*c - 5384. Calculate i(22).
-82
Let q(y) = y**3 - 32*y**2 + 18*y + 952. Give q(6).
124
Let c(i) = 244150*i + 28077251. Determine c(-115).
1
Let o(c) = 4200*c + 2276396. Determine o(-542).
-4
Let q(z) = -19052*z - 571570. Give q(-30).
-10
Let n(q) = -2384*q + 33558. What is n(17)?
-6970
Let o(k) = -k**3 + 140*k**2 - 783*k - 240. Calculate o(134).
2574
Let r(s) = 382*s**3 - 1532*s**2 - 6*s - 5. Give r(4).
-93
Let u(f) = -303*f**2 + 7649*f + 183. Give u(25).
2033
Let m(g) = -3*g**2 + 1089*g - 61524. Give m(70).
6
Let d(y) = -43*y**3 + 14*y**2 - 40*y + 27. Determine d(2).
-341
Let a(g) = 4202*g + 16032. Determine a(-4).
-776
Let c(l) = 25*l**3 + 100*l**2 - 324*l - 142. Determine c(-6).
2
Let b(p) = 12*p**3 + 955*p**2 - 2890*p + 20. Calculate b(3).
269
Let f(r) = 6*r**3 + 374*r**2 + 155*r + 1524. Determine f(-62).
-398
Let r(f) = -2*f**3 + 255*f**2 - 147*f + 2409. What is r(127)?
-131
Let w(a) = -369*a - 19662. Determine w(-52).
-474
Let z(q) = -2*q**3 - 45*q**2 - 60*q + 80. What is z(-21)?
17
Let y(c) = 4*c**3 - 45*c**2 - 50*c + 487. Calculate y(12).
319
Let s(z) = -20180*z + 34933. What is s(2)?
-5427
Let s(l) = -l**2 + 408*l + 141571. Calculate s(-224).
3
Let w(v) = -65636*v + 393833. Determine w(6).
17
Let k(o) = 52*o**2 - 8415*o - 1365. Calculate k(162).
93
Let c(p) = -490*p + 3050. Give c(4).
1090
Let p(s) = 2*s**3 + 94*s**2 + 6396*s + 289975. Determine p(-46).
-9
Let o(i) = -272*i + 5611. What is o(23)?
-645
Let k(l) = 22*l**3 - 42061*l**2 - 5712*l - 45885. Calculate k(1912).
3
Let c(n) = n**2 - 40*n - 9895. Calculate c(-82).
109
Let o(t) = 5*t**2 + 126*t + 269. Calculate o(-3).
-64
Let q(l) = l**3 + 31*l**2 - 199*l + 2569. What is q(-38)?
23
Let x(i) = -7*i**2 - 182*i - 285. Give x(-18).
723
Let x(a) = -2*a**2 - 14*a - 198. What is x(45)?
-4878
Let j(w) = 178*w + 61784. What is j(-352)?
-872
Let c(g) = -1050*g - 1213. Calculate c(-4).
2987
Let c(v) = 47*v**2 - 450*v + 908. Calculate c(2).
196
Let f(o) = 57223*o + 114453. Give f(-2).
7
Let v(g) = 5*g**3 - 8*g**2 - 593*g + 1817. What is v(3)?
101
Let c(o) = 32617*o + 1206840. Determine c(-37).
11
Let z(b) = b**2 + 9404*b - 207440. Determine z(22).
-68
Let f(y) = -y**2 - 651*y - 30049. Give f(-601).
1
Let d(p) = 109*p**2 + 1391*p + 71. What is d(-12)?
-925
Let r(u) = 9*u**2 - 122*u - 767. What is r(18)?
-47
Let p(c) = 421*c**2 - 3845*c + 486. Calculate p(9).
-18
Let k(q) = -3729*q**2 + 581797*q - 11382. What is k(156)?
6
Let s(o) = -o**3 - 5487*o**2 - 65700*o - 6. Determine s(-12).
-6
Let n(g) = 15917*g + 7210406. What is n(-453)?
5
Let o(u) = 157*u**2 - 5335*u - 30. Give o(34).
72
Let p(o) = -o**2 - 563650*o - 6. What is p(0)?
-6
Let d(s) = s**3 + 46*s**2 + 50*s + 1532. Give d(-45).
1307
Let k(d) = 205*d**2 - 40587*d - 601. Determine k(198).
-7
Let j(c) = -44830*c - 627633. Determine j(-14).
-13
Let d(x) = 4*x**2 - 350*x + 4100. Calculate d(14).
-16
Let w(l) = -2*l**2 - 2229*l - 60836. What is w(-28)?
8
Let g(u) = 5*u**2 - 896*u - 2460. Determine g(181).
-831
Let s(y) = 10*y**3 - 408*y**2 - 418*y - 5. What is s(-1)?
-5
Let g(d) = -2*d**3 - 31*d**2 + 493*d + 5495. Calculate g(-21).
-7
Let c(q) = -2*q**3 + 42*q**2 + 420*q - 8945. Give c(22).
-673
Let u(c) = 2*c**2 - 97*c + 2232. Calculate u(24).
1056
Let b(d) = 242*d + 91345. What is b(-376)?
353
Let y(w) = -w**2 + 37*w + 161638. Give y(421).
-26
Let y(o) = -31*o**3 + 2268*o**2 + 1913*o + 750. Give y(74).
-64
Let l(q) = -569*q - 23779. What is l(-42)?
119
Let i(c) = 2*c**3 - 340*c**2 + 14000*c - 603. Determine i(100).
-603
Let u(l) = 951*l + 376596. What is u(-396)?
0
Let a(j) = -2501*j - 7496. Give a(-3).
7
Let j(m) = 5910*m - 35671. Calculate j(6).
-211
Let t(j) = -6246703*j - 93700549. Give t(-15).
-4
Let q(r) = -31*r**3 + 2915*r**2 - 89*r - 460. Determine q(94).
10
Let a(i) = -i**3 - 18*i**2 + 43*i - 1. What is a(-20)?
-61
Let a(g) = -8*g**3 - 249*g**2 - 2049*g - 62559. Give a(-31).
-1
Let t(z) = -39*z**2 - 1539*z + 4608. What is t(3)?
-360
Let w(p) = -p**3 + 844*p**2 + 4854*p + 209103. Determine w(850).
3
Let a(z) = -z**2 - 51*z - 200. Give a(-4).
-12
Let t(l) = 2*l**2 - 273*l - 3931. What is t(-14)?
283
Let n(x) = -6*x**3 - 243*x**2 - 463*x + 4122. Calculate n(-38).
56
Let d(x) = -x**3 + x**2 + 196*x - 1533. Give d(14).
-1337
Let l(x) = 2*x**2 - 17*x - 1077. What is l(-28)?
967
Let b(i) = i**2 - 217*i + 6457. Calculate b(33).
385
Let y(s) = 14*s**2 - 2885*s - 141. Determine y(208).
5475
Let l(f) = f**3 + 13*f**2 + 456*f + 5926. What is l(-13)?
-2
Let z(m) = 16*m**3 + 7*m**2 + 90*m - 89. What is z(1)?
24
Let u(x) = 13*x**3 + 164*x**2 - 433*x + 540. What is u(-15)?
60
Let b(s) = 2805*s - 112186. What is b(40)?
14
Let u(v) = 8*v**2 + 594*v - 3727. Give u(-80).
-47
Let i(l) = 3*l**3 - 6*l**2 - 131*l + 875. Determine i(-8).
3
Let m(t) = 11971*t + 1352717. Determine m(-113).
-6
Let r(a) = a**2 + 4743*a + 23683. What is r(-5)?
-7
Let s(q) = -20*q**2 - 225*q + 1460. What is s(9)?
-2185
Let u(y) = -2*y**3 + 68*y**2 - 127*y + 147. Determine u(32).
179
Let n(g) = 4624*g - 46337. Calculate n(10).
-97
Let c(j) = -77*j**3 + 2*j**2 - 200*j - 112. What is c(0)?
-112
Let n(o) = 187*o + 1593. Calculate n(-12).
-651
Let h(u) = 2*u**2 - 480*u - 9288. Calculate h(258).
0
Let y(q) = q**3 - 324*q**2 - 1247*q - 21318. Give y(328).
2
Let f(q) = 14546*q - 2865564. What is f(197)?
-2
Let u(w) = -2158*w - 1454358. Calculate u(-674).
134
Let d(h) = 2*h**3 - 3*h**2 - 28*h + 109. What is d(9)?
1072
Let u(t) = 161*t**3 + 809*t**2 - 32*t - 260. Calculate u(-5).
0
Let m(k) = 18*k**2 - 699*k - 4073. Give m(44).
19
Let s(p) = p**3 - 71*p**2 + 563*p + 46. What is s(9)?
91
Let p(z) = -z**3 + 364*z**2 - 23890*z - 4992. What is p(278)?
12
Let v(q) = 8*q**2 - 507*q + 2471. Determine v(58).
-23
Let d(y) = -2*y**3 + 6*y**2 + 49*y - 153. Give d(4).
11
Let c(n) = -2*n**2 - 253*n - 7125. Calculate c(-42).
-27
Let k(y) = 25*y**3 + 3*y**2 + 12*y + 6. Determine k(-2).
-206
Let f(t) = 2*t**3 - 172*t**2 + 2988*t - 162245. What is f(80)?
-5
Let n(v) = 3281*v - 78747. Calculate n(24).
-3
Let x(y) = 7*y**3 - 1151*y**2 + 455*y + 6085. Give x(164).
17
Let l(r) = -12508*r + 175115. What is l(14)?
3
Let i(t) = 2*t**2 + 6706*t + 192710. Determine i(-29).
-82
Let a(h) = -h**3 + 345*h**2 + 379*h - 11405. Give a(346).
13
Let m(r) = 223*r**2 - 15848*r - 69. Give m(71).
-1134
Let l(k) = -15281*k + 30580. What is l(2)?
18
Let m(f) = 31*f**3 + 1119*f**2 + 107*f - 90. Determine m(-36).
-54
Let m(n) = -113*n**2 - 292*n + 110. Determine m(-3).
-31
Let d(w) = w**2 + 684*w + 90650. What is d(-179)?
255
Let o(n) = -676*n + 121193. Give o(179).
189
Let j(c) = -34939*c - 628892. What is j(-18)?
10
Let w(k) = -602*k**2 + 230*k + 3. Give w(1).
-369
Let r(b) = 90792*b + 181571. Calculate r(-2).
-13
Let s(d) = -778*d - 3230. Determine s(-3).
-896
Let i(b) = 3*b**3 - 256*b**2 + 4054*b - 25. Determine i(21).
-4
Let j(r) = -210*r - 7226. What is j(-34)?
-86
Let a(s) = -24745*s - 74672. What is a(-3)?
-437
Let u(o) = 805*o - 107800. Give u(134).
70
Let r(g) = 101*g**2 + 140*g - 23. Calculate r(-1).
-62
Let b(h) = h**3 - 614*h**2 - 50936*h - 1766. Give b(-74).
10
Let k(l) = -3*l**2 - 268*l + 1495. What is k(-89)?
1584
Let g(q) = 90*q**2 + 169*q - 253. What is g(-3)?
50
Let m(s) = 608*s - 6557. Determine m(7).
-2301
Let c(o) = 5*o**2 + 207*o - 5504. Give c(-54).
-2102
Let j(b) = 8098*b**2 + 4048